ed by 52.
10
Calculate the remainder when 185826 is divided by 20.
6
Calculate the remainder when 8664 is divided by 26.
6
What is the remainder when 5407530 is divided by 2241?
2238
What is the remainder when 17628 is divided by 86?
84
What is the remainder when 47271 is divided by 154?
147
What is the remainder when 1199 is divided by 257?
171
Calculate the remainder when 37136 is divided by 629.
25
What is the remainder when 6839 is divided by 675?
89
What is the remainder when 3990 is divided by 100?
90
What is the remainder when 13208 is divided by 823?
40
What is the remainder when 178109 is divided by 2375?
2359
Calculate the remainder when 91869 is divided by 71.
66
What is the remainder when 809579 is divided by 38?
27
Calculate the remainder when 183507 is divided by 45.
42
What is the remainder when 71656 is divided by 703?
653
Calculate the remainder when 8938 is divided by 308.
6
Calculate the remainder when 17309 is divided by 17292.
17
What is the remainder when 770187 is divided by 15?
12
Calculate the remainder when 2694 is divided by 524.
74
What is the remainder when 2826 is divided by 697?
38
Calculate the remainder when 8787 is divided by 59.
55
Calculate the remainder when 1941 is divided by 21.
9
What is the remainder when 10203 is divided by 13?
11
Calculate the remainder when 13643378 is divided by 227.
224
Calculate the remainder when 1228291 is divided by 23.
22
What is the remainder when 80070 is divided by 2853?
186
What is the remainder when 1742 is divided by 51?
8
Calculate the remainder when 24184 is divided by 288.
280
What is the remainder when 665158 is divided by 8752?
6
Calculate the remainder when 2797 is divided by 591.
433
Calculate the remainder when 45954 is divided by 14.
6
What is the remainder when 6218 is divided by 426?
254
Calculate the remainder when 51047 is divided by 231.
227
Calculate the remainder when 6672124 is divided by 34.
32
What is the remainder when 69123 is divided by 1010?
443
What is the remainder when 1241 is divided by 308?
9
Calculate the remainder when 1976 is divided by 404.
360
Calculate the remainder when 22946 is divided by 389.
384
What is the remainder when 742 is divided by 164?
86
What is the remainder when 1454 is divided by 447?
113
What is the remainder when 6996 is divided by 10?
6
What is the remainder when 21756 is divided by 655?
141
What is the remainder when 1777 is divided by 263?
199
Calculate the remainder when 199144 is divided by 962.
10
Calculate the remainder when 26065 is divided by 8609.
238
What is the remainder when 2173 is divided by 171?
121
Calculate the remainder when 24166 is divided by 25.
16
Calculate the remainder when 188296 is divided by 99.
97
Calculate the remainder when 55435 is divided by 18.
13
Calculate the remainder when 427 is divided by 416.
11
Calculate the remainder when 1877660 is divided by 497.
491
What is the remainder when 6981 is divided by 184?
173
Calculate the remainder when 7237 is divided by 138.
61
Calculate the remainder when 3079 is divided by 20.
19
Calculate the remainder when 815653 is divided by 15.
13
What is the remainder when 82773 is divided by 3310?
23
Calculate the remainder when 23191 is divided by 213.
187
Calculate the remainder when 41703 is divided by 331.
328
What is the remainder when 76253 is divided by 72?
5
What is the remainder when 4803 is divided by 1495?
318
Calculate the remainder when 59487 is divided by 19829.
0
Calculate the remainder when 504 is divided by 169.
166
What is the remainder when 11165 is divided by 424?
141
Calculate the remainder when 152936 is divided by 1307.
17
Calculate the remainder when 327880 is divided by 7997.
3
What is the remainder when 4832 is divided by 374?
344
Calculate the remainder when 736680 is divided by 245550.
30
What is the remainder when 1252107 is divided by 199?
198
What is the remainder when 14902 is divided by 20?
2
What is the remainder when 10137 is divided by 5052?
33
What is the remainder when 163608 is divided by 21?
18
What is the remainder when 81764 is divided by 2725?
14
What is the remainder when 63502 is divided by 21167?
1
Calculate the remainder when 8160 is divided by 95.
85
Calculate the remainder when 58859 is divided by 8407.
10
Calculate the remainder when 50818 is divided by 66.
64
What is the remainder when 7302 is divided by 174?
168
What is the remainder when 28950 is divided by 706?
4
What is the remainder when 1707 is divided by 29?
25
Calculate the remainder when 26227 is divided by 2378.
69
What is the remainder when 3643 is divided by 418?
299
Calculate the remainder when 26060 is divided by 29.
18
What is the remainder when 123115 is divided by 91?
83
What is the remainder when 26205 is divided by 36?
33
What is the remainder when 2687 is divided by 1953?
734
Calculate the remainder when 3274 is divided by 21.
19
Calculate the remainder when 186626 is divided by 1609.
1591
What is the remainder when 59903 is divided by 48?
47
Calculate the remainder when 11395 is divided by 152.
147
What is the remainder when 171746 is divided by 458?
454
Calculate the remainder when 60607 is divided by 20143.
178
Calculate the remainder when 116227 is divided by 394.
391
Calculate the remainder when 91105 is divided by 67.
52
What is the remainder when 346672 is divided by 173331?
10
What is the remainder when 7425 is divided by 519?
159
What is the remainder when 1215 is divided by 269?
139
What is the remainder when 84864 is divided by 408?
0
Calculate the remainder when 245407 is divided by 206.
61
Calculate the remainder when 1212 is divided by 1204.
8
Calculate the remainder when 129269 is divided by 42.
35
What is the remainder when 35882 is divided by 8968?
10
Calculate the remainder when 2396 is divided by 55.
31
What is the remainder when 8753 is divided by 225?
203
What is the remainder when 1176 is divided by 93?
60
What is the remainder when 1561 is divided by 1464?
97
Calculate the remainder when 109242 is divided by 704.
122
What is the remainder when 62551 is divided by 1958?
1853
What is the remainder when 2232 is divided by 2?
0
What is the remainder when 26399 is divided by 994?
555
What is the remainder when 351869 is divided by 15?
14
Calculate the remainder when 31780 is divided by 1059.
10
What is the remainder when 341141 is divided by 1370?
11
Calculate the remainder when 572 is divided by 273.
26
What is the remainder when 13528 is divided by 10?
8
What is the remainder when 12030 is divided by 336?
270
What is the remainder when 15837 is divided by 68?
61
Calculate the remainder when 9072 is divided by 1125.
72
What is the remainder when 158154 is divided by 22?
18
Calculate the remainder when 120959 is divided by 56.
55
What is the remainder when 341484 is divided by 658?
640
Calculate the remainder when 3350 is divided by 582.
440
What is the remainder when 769 is divided by 229?
82
Calculate the remainder when 2945 is divided by 1411.
123
Calculate the remainder when 469833 is divided by 40.
33
What is the remainder when 12143 is divided by 7?
5
What is the remainder when 9745 is divided by 2?
1
Calculate the remainder when 7822 is divided by 11.
1
What is the remainder when 3038 is divided by 350?
238
What is the remainder when 7355 is divided by 1224?
11
Calculate the remainder when 1984988 is divided by 992.
988
What is the remainder when 24367 is divided by 23?
10
Calculate the remainder when 130031 is divided by 216.
215
What is the remainder when 25844 is divided by 446?
422
What is the remainder when 308102 is divided by 178?
162
What is the remainder when 2500 is divided by 561?
256
What is the remainder when 88037 is divided by 21994?
61
What is the remainder when 20394 is divided by 1031?
805
What is the remainder when 6173 is divided by 2002?
167
What is the remainder when 1266 is divided by 8?
2
What is the remainder when 803984 is divided by 399?
398
What is the remainder when 149621 is divided by 285?
281
What is the remainder when 6766 is divided by 311?
235
Calculate the remainder when 123937 is divided by 11.
0
What is the remainder when 518759 is divided by 25?
9
Calculate the remainder when 3354 is divided by 82.
74
Calculate the remainder when 2297 is divided by 194.
163
Calcula